of 440/z + 4/18?
0
Let z = 53 - -9. What is the tens digit of ((-1)/2)/((-1)/z)?
3
Let h(g) = g + 14. Let c be h(0). Let i be 1/6*3*c. Suppose -j - i = -2*j. What is the units digit of j?
7
Suppose -4*r + 128 = -4*s, -4*r = 2*s - 33 - 83. Suppose 0*d + r = d. What is the tens digit of d?
3
Suppose -10*n - 4 = -12*n. What is the tens digit of 77/2 + n/(-4)?
3
Suppose 3*t - 146 = 85. What is the tens digit of t?
7
Let n(i) = -4*i - 2*i**3 + 2*i + 6*i**2 + i**3 + 4. Let s be n(6). Let t(l) = -l**2 - 10*l - 10. What is the units digit of t(s)?
6
Suppose 0*h + d = -h + 85, -5*h = 2*d - 413. What is the units digit of h?
1
Let j = 109 + -4. What is the hundreds digit of j?
1
Let c(g) = 5*g**2 - 2*g - 64. What is the tens digit of c(-9)?
5
Let g = -10 + 14. Suppose -2*a - y + g + 17 = 0, -4*a + 45 = 5*y. What is the units digit of a?
0
Let x(f) = f**2. Let k be x(10). Suppose -3*s - k = 2*s. What is the tens digit of 1 - (s - 6/(-3))?
1
Let k = 197 - 124. What is the units digit of k?
3
Let n = 1 - -69. Suppose -2*d + 2*h + 18 = -40, -n = -2*d + 5*h. What is the units digit of d?
5
Suppose 3*k + 2*u - 23 = 0, 0*u = 2*k + 5*u - 30. Let z = k + -2. Suppose -2*c + o = 3*o, 3*o = -z. What is the units digit of c?
1
Suppose -4*n + 2*j = 4*j - 804, -5*n - j = -1002. What is the hundreds digit of n?
2
Let t(x) = 10*x**3 - 3*x**2 + 10. What is the tens digit of t(3)?
5
Suppose -5*l + 11 - 26 = 0. Suppose 0 = -5*d + 4*d + 5. Let z = d + l. What is the units digit of z?
2
Suppose i - 90 = 113. What is the tens digit of i?
0
Suppose 0 = -6*m + 13 + 143. What is the tens digit of m?
2
What is the units digit of ((-16)/(-12))/2*54?
6
Suppose 5*q = 6*q - 44. What is the units digit of q?
4
Suppose 9*o = -0*o + 801. What is the tens digit of o?
8
Let y = -8 + 11. Suppose 4*p - 28 = -y*w, 2*w = -0*w + 4*p - 8. What is the units digit of w?
4
Suppose 0 = -4*q - 3*v + 179, -20 - 88 = -3*q + 3*v. Let p = q - 24. What is the tens digit of p?
1
Suppose -12 = -a + 5*n + 8, -20 = -3*a + 5*n. Suppose a = c + 4*c - 170. What is the units digit of c?
4
Let u(d) = d**2 - 6*d - 81. What is the units digit of u(-11)?
6
Let o(d) = 70*d**3 + 2*d**2 - d. What is the tens digit of o(1)?
7
Let j(b) = -9*b**3 - 2*b**2 - 2. What is the tens digit of j(-2)?
6
Suppose 2*k - 144 - 168 = 0. Suppose 0 = -2*z + 6*z - k. What is the tens digit of z?
3
Let z be (-25)/(-7) + (-3)/(-7). Suppose 22 = a - z*g, g - 42 - 37 = -3*a. What is the units digit of a?
6
Let r = -221 + 374. What is the units digit of r?
3
Suppose 3*j + 12 = -6. What is the tens digit of (22/3)/((-2)/j)?
2
Let w(u) = -u**2 - 7*u - 1. Suppose -n - 3 - 11 = -2*s, -55 = 5*n - 5*s. Let q be w(n). What is the units digit of (-1)/(-1 - 6/q)?
3
Suppose 2*c = 4*v - 12, -c - 5*v = -3*c - 17. What is the units digit of c?
4
Let d be (2/4)/((-2)/(-8)). What is the units digit of d - (-5)/(10/12)?
8
Let h = -101 + 214. What is the hundreds digit of h?
1
Suppose 3*l - 9 - 3 = 0. Let z = l - -8. What is the units digit of z?
2
What is the units digit of (-6)/(-21) + (-675)/(-63)?
1
Let q = -14 - 7. What is the units digit of q/(-12) + (-1)/(-4)?
2
Let f = 7 - -14. Let t be (4 - 0)*f/12. Let j = -5 + t. What is the units digit of j?
2
Let r = -3 + 7. Suppose d + r = 20. What is the units digit of d?
6
Let w = 16 - 6. Let h = w - 7. Suppose u + h*r = 9, 8 + 1 = u + r. What is the units digit of u?
9
Suppose m + 0*m - 5 = 0. Suppose -52 = -m*q + q. What is the units digit of q?
3
Suppose h = 3*g + 2*g - 88, 5*h = -4*g + 53. What is the units digit of g?
7
Let p(b) = -b**3 - 6*b**2 + 7*b + 3. Let y be p(-7). Let r be (-3 - (-9)/y) + 0. Suppose 3*n = -r + 6. What is the units digit of n?
2
Let p = 136 + -81. What is the tens digit of p?
5
Let c(u) = u - 8. Let w be c(8). Suppose 29 = -4*k - w*k - 5*s, 2*k + 7 = -s. What is the units digit of -3*k/(9/21)?
7
Suppose 5*r + 280 = 5*k, -k + 3*r = -36 - 24. What is the tens digit of k?
5
Let b(s) = -s + 1. Let c be b(-3). Let j(n) = -n**2 + 4*n. Let f be j(c). Suppose -3*q + 18 = 3*d, f = d + 4*q - 23 + 8. What is the units digit of d?
3
Let c(q) = q**3 - 4*q**2 + 2*q - 5. Let i be c(4). Let t = 0 + i. Let b = -2 + t. What is the units digit of b?
1
Suppose 3*g - 2 = 10. Suppose g*k = k. Suppose z - 2*m = -k + 6, -5*m - 16 = -3*z. What is the units digit of z?
2
Let v(o) = -o**3 + 11*o**2 - 2. Let k be v(11). Let m be (23/(2/k))/(-1). Suppose -y - 19 = 5*l, -l + 2*l = 3*y - m. What is the units digit of y?
6
Suppose 3*w + 3*p + 0*p - 135 = 0, 4*p = -5*w + 226. What is the tens digit of w?
4
Suppose 0 = -2*u - 4*i + 154, 0 = 4*u + 4*i - 0*i - 288. What is the units digit of u?
7
Let v(u) = -u - 7. Let d be v(-6). Let t = 8 - 6. What is the units digit of d + 1 - -4 - t?
2
Let s(t) = -18*t + 2. Let b be s(-2). Suppose -b = -5*n + 72. What is the tens digit of n?
2
Let x = -4 + 6. Suppose 0 = -3*m - 3*c + 24, -x*m + m = 5*c - 24. What is the units digit of 2 - (0 + -2)*m?
0
Let f(z) = z**2 - z. Let q be f(2). Let i = -1 - q. Let b = 6 + i. What is the units digit of b?
3
Suppose 0 = -0*m + 2*m - 3*x + 13, 5*m + 5*x = 5. Let a be 19/3 - m/(-6). Suppose -4*l - 25 = -3*b, 5*l - 2*l = a. What is the units digit of b?
1
Suppose 10 = y + y. What is the units digit of y?
5
Let l = 6 - 2. Suppose 8 = -0*d + l*d. Suppose -4*k + 2 + d = 0. What is the units digit of k?
1
Let v(i) = 2*i**2 - i - 15. Let j be v(5). Let n be (-6)/21 - (-18)/14. What is the units digit of j*2/(n - -3)?
5
Let p(x) = 3*x**2 + x - 11. What is the units digit of p(5)?
9
Let n be (-2)/(((-6)/45)/1). Suppose n = -5*t + 4*i, -4*t = -9*t + i. What is the units digit of t?
1
Let c be (-69)/(-21) + 2/(-7). Suppose -24 = 3*s - c*f, -s + 2*f - 19 = 2*s. Let o(n) = -n - 2. What is the units digit of o(s)?
1
Let l = 0 + 0. Suppose 2*p + 4*n + 6 = -0*n, -5*p + n + 18 = l. Suppose -p*c + 18 = -s - 4*s, -c + 20 = 3*s. What is the units digit of c?
1
What is the units digit of (2 - 1)/((-8)/(-760))?
5
Suppose 4*c + 5*j = -50, -6*c + 2*c - j - 58 = 0. Let v be (5/c)/(2/(-30)). Suppose -4*p + v - 1 = 0. What is the units digit of p?
1
Suppose -117 - 112 = -2*n - c, 5*n = -4*c + 577. What is the units digit of n?
3
Suppose -2 + 18 = 4*r. Let a = r - 1. What is the units digit of a?
3
Let u(k) = 10*k**2 + 10*k + 1. What is the hundreds digit of u(3)?
1
Let m be 12*2/(-18)*-3. Suppose 4*p - 3*p = -2*d + 55, 0 = d + m*p - 24. Let c = d - 16. What is the tens digit of c?
1
Suppose 0 = 3*p + p - 200. What is the units digit of p?
0
Suppose 5*m = 5, -3*c + 2 = 4*m - 2. Suppose c*p + 4*p = 124. What is the units digit of p?
1
Let r be 1*(1 + -4)*-1. Suppose r*m + 190 = 8*m. What is the tens digit of m?
3
Let m(l) = -8*l**3 + l**2 + l - 1. What is the units digit of m(-1)?
7
Suppose -5*a - 20 = -10*a. Suppose g + g - a = 0. Suppose g*x - 2 = 8. What is the units digit of x?
5
Let f(r) = -13*r. What is the units digit of f(-3)?
9
Suppose 166 = 2*i + 4*x, i - 16 - 73 = 4*x. What is the units digit of i?
5
Let o = -15 - -31. Suppose -o = -5*a + 24. What is the units digit of a?
8
Suppose 3 = 2*g - 1. Suppose -3 + g = -h. What is the units digit of h?
1
Let h(k) = k**2 + 2*k - 5. Let c be h(-4). Let j = -4 + 7. Let n = c + j. What is the units digit of n?
6
What is the units digit of -2 + (4 - -148) - 2?
8
What is the hundreds digit of -4*1 - 1400/(-8)?
1
Suppose 2*w + 3*w = 5*c - 100, -2*c - 3*w = -15. Suppose -4*t - t + c = 0. What is the units digit of t?
3
Let t(q) = 5*q**2 - 5*q - 1. What is the units digit of t(-2)?
9
What is the tens digit of (-24)/(-18) - (-38)/3?
1
Suppose 5*p = q + 100, 9 = -4*p - q + 80. Suppose 0 = 5*j - 6 - p, -6 = 3*w - 3*j. Suppose -3*v - 5 = 3*a + a, w*a + 35 = 4*v. What is the units digit of v?
5
Let p = -483 - -902. What is the units digit of p?
9
Suppose 0*i - 2*i = -158. What is the units digit of i?
9
Suppose 0 = 3*h - 5*f - 15 - 10, 4*h - 37 = 3*f. What is the tens digit of h?
1
Suppose 0 = -0*f - 7*f + 224. What is the units digit of f?
2
Let u(q) = 33*q**2 + 3*q + 2. What is the hundreds digit of u(-2)?
1
Let i(p) = 13*p - 11. What is the tens digit of i(4)?
4
Let s(j) be the third derivative of j**5/60 + 13*j**3/6 - 9*j**2. What is the tens digit of s(0)?
1
Suppose 127 = -4*o + 439. What is the tens digit of o?
7
Let y